4 - 19*p**3/3 - 10*p**2 + 27*p - 3. What is the tens digit of y(20)?
2
Let s(k) = -3*k + 2. Let c be s(-6). Suppose 8*f + 4 - c = 0. Suppose 20 = 4*m + f*r - 26, -10 = 2*r. What is the units digit of m?
4
Suppose -4*j + z - 160 = 3*z, 121 = -3*j - 2*z. Let n = j + 85. What is the tens digit of n?
4
Let k(j) be the third derivative of -j**6/60 - j**5/5 + j**4/4 + 2*j**3 + 2*j**2. What is the tens digit of k(-7)?
6
Let s be 4/14 + 84/49. Suppose -94 + 22 = -s*y. What is the tens digit of y?
3
Let j = -21 - -62. Let c = -17 + j. Suppose -2*k = -12 - c. What is the tens digit of k?
1
Let f(w) = 52*w - 169. What is the units digit of f(7)?
5
Suppose 40 - 336 = 4*c. Let g = c + 135. What is the tens digit of g?
6
Let t be (-2)/6*(1 + -1). Suppose t = g - 3 - 0. What is the units digit of (-1 - g)/((-16)/12)?
3
Let s be (-1)/(-5) + (-48)/(-10). Let k(w) = w + 33. Let t be k(-21). Suppose v = -j + t, 8*j - s*j - 3*v - 12 = 0. What is the units digit of j?
8
Suppose -405*r + 400*r + 2035 = 0. What is the hundreds digit of r?
4
Let a = 15 + -13. Let z(y) = -2*y + 2 + a + 2 + 2. What is the tens digit of z(-13)?
3
Let u be 10 - ((-8)/(-2) + -5). Let n = u - 2. What is the units digit of n?
9
Suppose 20*f - 5*f - 5190 = 0. What is the tens digit of f?
4
Let t(g) = 28*g - 90. What is the tens digit of t(22)?
2
Let v(k) = 195*k + 1. Let w be v(-1). What is the tens digit of w/(-3) - ((-4)/(-6) + 0)?
6
Let d(h) = -2 - 2 - h + 1. What is the units digit of d(-12)?
9
Let n = 926 - 688. What is the hundreds digit of n?
2
Suppose -33 = -4*j + 3*g, -g + 21 = 3*j - 2*g. Suppose j*z = 4*z + 60. Let t = z + -2. What is the units digit of t?
8
What is the thousands digit of (-4)/5 + (-184464)/(-105) - -5?
1
Let a(c) = -c**2 + 2 + c + 0*c**2 + 5*c - 5*c. Let t be a(3). What is the units digit of t/6*3/(-2)?
1
Let t = 782 - 198. What is the units digit of t?
4
Suppose 2*u = 2076 + 574. What is the units digit of u?
5
Let d(i) = 2*i**2 + 16*i - 32. Let p be d(-10). Let j(m) = 27*m - 67. What is the tens digit of j(p)?
4
Let n(o) = 47*o**2 - 14*o - 24. What is the units digit of n(-2)?
2
Let o = -279 - -737. What is the hundreds digit of o?
4
Let c be 4 - (0 - (-2 - -4)). Let b(n) = 5*n - 16. What is the tens digit of b(c)?
1
Suppose -310*n = -304*n - 5298. What is the units digit of n?
3
Suppose 0 = 5*x + 4*r - 26, 0*x + 3*r - 10 = x. Suppose x*l + 2*v - 110 = 0, -5*v - 79 + 4 = -2*l. What is the units digit of l?
0
Suppose 9*s + 12 = 6*s. What is the units digit of ((-2)/s)/(1/40)?
0
Suppose -z = -0*z + 19. Let c(g) = g**3 - 8*g**2 - 37*g + 3. Let l be c(11). Let r = z - l. What is the tens digit of r?
2
What is the units digit of (6/16)/((-5)/(-40)) + 1112?
5
Suppose -3*d + 67 - 19 = 0. Suppose 0 = 4*y + y - 3*k - 80, -y + d = 4*k. What is the units digit of y?
6
Let o(t) = -79*t - 2. Let c be o(-1). Let u = c + -72. What is the units digit of u?
5
Suppose 0 = -3*i - 4*a + 1755, -4*i + 2340 = -10*a + 6*a. What is the units digit of i?
5
Let f(w) = -4*w**3 - 10*w**2 - 2*w - 18. What is the units digit of f(-7)?
8
Let x = 259 - -11. Suppose 3*o - 5*o - x = 0. What is the units digit of 3/12 - o/20?
7
Let h = -456 + 462. Let x(f) = -1 + 14 - f + 3*f. What is the tens digit of x(h)?
2
Suppose 0 = 9*j - 4107 - 375. What is the hundreds digit of j?
4
Let i(r) = -1462*r**3 + r**2 - 3*r - 3. What is the units digit of i(-1)?
3
Let r be (78/(-104))/((-3)/16). Let t(a) = -a**2 + 17. Let k be t(0). Let n = k + r. What is the tens digit of n?
2
What is the units digit of 25/((-30)/(-52) - (-4)/(-8))?
5
Let c be (-8)/(-10)*(-35)/(-14). Suppose 290 = 5*s + 5*v, -3*v - c*v = 3*s - 178. What is the units digit of s?
6
Let k = 343 - -57. What is the hundreds digit of k?
4
Let b(t) = -5*t - 17. Let m(g) = -g**2 + 6*g - 5. Let d be m(4). Let l be (42/(-12))/(d/6). What is the tens digit of b(l)?
1
What is the hundreds digit of (-9)/27*1014/(-1)?
3
Suppose 0*a + 5*a - 5283 = -4*u, 0 = 2*u - 4. What is the units digit of a?
5
Suppose 5*r = 50 + 20. What is the tens digit of (-4)/r - 583/(-7)?
8
Let l(m) = -1 - 4*m**2 + 0 + m + 5*m**2 - 1 + 4*m**3. Let t be l(2). Let z = t - 26. What is the units digit of z?
0
Let p be (-3)/(-9) - (-44)/12. Suppose b = 2*t + 51, -72 + 282 = p*b - 2*t. What is the units digit of b?
3
Let t(h) = -205*h - 152. What is the thousands digit of t(-7)?
1
Let k(o) = 10*o**2 - 2*o - 1. Let p be k(-1). Let c(b) = -7*b**2 + 7 - 1 - 9*b + 8*b**2 + 1. What is the units digit of c(p)?
9
What is the tens digit of 697/(-1)*6*(-10)/60?
9
Let r(x) = x**3 - 7*x**2 + 4*x - 8. Let d be r(7). Suppose 0 = -6*u + 50 - d. Suppose c - 1 + u = 3*v, -10 = c - 5*v. What is the units digit of c?
5
Let o = 841 + 3422. What is the units digit of o?
3
Let z = -6 - -14. Suppose j - 3 = -z. Let l = 33 + j. What is the tens digit of l?
2
Let c(o) = 167*o - 484. What is the hundreds digit of c(13)?
6
Let y(q) = 2*q + 6. Let c be y(3). Let g = 16 - c. Suppose j = -4, 5*j = -4*w + w + g. What is the units digit of w?
8
Let p(v) = 9*v - 11. Let z be p(2). Suppose -z*q - 273 = -2093. What is the tens digit of q?
6
What is the hundreds digit of (537/(-2))/(-1)*48/18?
7
Let v be (-24)/36 + 2 + 686/(-6). Let a = 55 - v. What is the tens digit of a?
6
Let m(x) = -238*x - 53. What is the units digit of m(-3)?
1
Suppose 3*i - 731 - 405 = -5*c, -2*i + c = -766. What is the tens digit of i?
8
Let k be -21 - -8 - (2 - -1). Let g be -3 + (-4 - (k + 0)). Suppose -g*x - 12 = -462. What is the units digit of x?
0
Let o be 33/6 - 6/(-12). What is the units digit of o/(235/115 + -2)?
8
Let u(o) = 15*o**2 - 3*o. Let j be u(-3). Let s be j/10 - (-6)/10. What is the tens digit of 339/s - 2/(-5)?
2
Suppose 51 = -4*m - 3*p, 7*m = 2*m - p - 72. What is the tens digit of (350/m)/5*-9?
4
Suppose 0 = -2*g + u + 3985 + 152, 4*u = -5*g + 10323. What is the thousands digit of g?
2
Suppose 0*i - 4*v = i - 6, -4 = -3*i - 5*v. Let k be (-102)/i*1/3. Let o = k - 4. What is the units digit of o?
3
Let p(n) = -n**3 - 6*n**2 + n - 11. Let j(u) be the third derivative of u**4/12 - u**3/2 + 2*u**2. Let h be j(-2). What is the tens digit of p(h)?
3
Suppose -m = o + 3*m - 641, o - 629 = -m. What is the hundreds digit of o?
6
What is the units digit of (16/(-384)*-6)/((-2)/(-2608))?
6
Suppose -4 = 3*y + y. Let m be (-1 - (-2 - y))/(-2). Suppose 5 = -t, m*r + t = 2*r - 25. What is the tens digit of r?
1
Let z(j) = -j**3 + j**2 + j. Let y(k) = -k**3 - k**2 + k + 2. Let v be y(0). Let p be (v - 1) + -11 + 8. What is the units digit of z(p)?
0
Let j(k) = -3*k**3 + 46*k**2 + 13*k + 10. What is the hundreds digit of j(14)?
9
Suppose 2*z - 48 = 4*z. Let s be (12/z)/((-1)/22). Suppose 2*v + v - 15 = 3*j, 3*v - 5*j - s = 0. What is the units digit of v?
7
Let j(p) = p**3 - 21*p**2 + 3*p - 6. Let o be j(21). Suppose -39 + o = 3*d. What is the units digit of d?
6
Let h(s) = -s**3 - 7*s**2 - s + 12. Let l be h(-7). Suppose y = 11 + l. What is the tens digit of y?
3
Let k = 33 + -67. Let u = 75 + k. What is the tens digit of u?
4
Suppose -6*l = -2*l - 12. Suppose 3*a + 4*i - 667 = 0, -5*a + 852 + 256 = l*i. What is the units digit of a?
1
Let c(v) = -2*v**3 - v**2 + v + 1. Let n be c(-1). Suppose -3*y = -i - n, -3*y - 5 = -8*y + 5*i. Let f(h) = -h**3 + h + 31. What is the tens digit of f(y)?
3
Let f be (8/3)/((-2)/(-6)). Suppose -2*n + 290 = -4*w, -7*w - 5*n - 355 = -2*w. What is the units digit of ((-26)/f)/(6/w)?
9
Suppose -3 + 9 = 2*v. Suppose 28 = v*r - 155. What is the tens digit of r?
6
Let c(o) = -o**3 - 3*o**2 + 3*o - 1. Let b be c(-4). Suppose 158 = b*m + 5*v, 3*m + 2*v = 1 + 145. Let x = m + -10. What is the units digit of x?
6
Suppose 10 + 6 = 4*x. Suppose -r - 4 = z - 6*z, 4*z + r + x = 0. Suppose z = -2*u - 0*u + 18. What is the units digit of u?
9
Let g(a) = 2*a**2 + 5*a + 62. What is the units digit of g(0)?
2
Suppose 2*q - 7 = 3*l, 2*q - 5*q + 3 = -3*l. Let d(j) = -51*j + 41. What is the hundreds digit of d(q)?
2
Let s(z) be the third derivative of z**6/90 - z**5/40 - 7*z**3/6 + 5*z**2. Let u(k) be the first derivative of s(k). What is the units digit of u(3)?
7
Let z(u) = 74*u**2 - 4*u + 3. Let i be z(-3). What is the units digit of (-3 - i/(-9))/(2/3)?
9
What is the tens digit of (-52332)/(-140) - 1/(-5)?
7
Let t(o) = o + 1. 